of x?
3
Suppose -3 - 6 = 3*i, -d + 2*i + 437 = 0. What is the hundreds digit of d?
4
Suppose 3*s = 2*z + 161, -5*z + 264 = 5*s - 46. What is the units digit of 1252/14 - s/133?
9
Let f = -8794 - -13577. What is the hundreds digit of f?
7
Let m(q) = 150*q**3 + 3*q**2 - q. Let p be m(1). Let j = -76 + p. What is the tens digit of j?
7
Let z be 19/2 + (-7)/(-14). Suppose -2*m - z + 50 = 4*a, -3*m + 62 = 4*a. Let h = 4 + m. What is the units digit of h?
6
Let h(r) = -2*r**2 + 4*r**2 - 4*r - 5 + 2*r**2 + 9*r. Let l = 7 + -5. What is the tens digit of h(l)?
2
Suppose 2*u = -1 - 7. What is the tens digit of u/16 + (-1545)/(-20)?
7
Suppose -8*f + 23 - 7 = 0. Suppose -f*t + 247 = j, 2*j + 49 - 171 = -t. What is the units digit of t?
4
Suppose 3*d + 2*d = 70. Suppose -d = -5*h + 886. What is the units digit of h?
0
Let x(o) = 2*o - 12. Let k(c) = c - 4. Suppose -2*t = -3*w + 1, -3*t = t - w + 7. Let s(y) = t*x(y) + 7*k(y). What is the units digit of s(9)?
3
Let y(m) = 166*m**2 + 51*m + 189. What is the thousands digit of y(-4)?
2
Let v(d) be the third derivative of -d**4/12 - 5*d**3/2 + 11*d**2. Let q be v(-5). What is the units digit of 1/q - 241/(-5)?
8
Let q = -36 - -24. Let z be -2 - 1*(q - -3). Suppose 0 = z*b - 4*b - 39. What is the units digit of b?
3
Suppose -d = 4*v - 185, -3*v - 15 = -0. What is the tens digit of d?
0
Let t = -820 + 1361. What is the tens digit of t?
4
Suppose -586*i - 865 = -591*i. What is the tens digit of i?
7
Let j(p) = -p**3 + 5*p**2 - 6*p + 6. Let s be j(4). Let v be s + -1 + (-14)/(-2). Suppose 5*l + 20 = 5*z, -7 = -2*z + v*l + 1. What is the units digit of z?
4
Let m(r) = r**2 + 22*r + 207. What is the tens digit of m(-19)?
5
Let l = -22 + 30. Suppose -m + l*x - 3*x + 40 = 0, 0 = 5*m + x - 330. What is the units digit of m?
5
Suppose 10*q = 5*q + 25. Suppose 5*p - 9 = -4*r + 34, 64 = q*p - 3*r. What is the tens digit of p?
1
Let g(l) be the first derivative of l**4/4 + 22*l**3/3 - 5*l**2/2 + 29*l + 14. What is the units digit of g(-22)?
9
Suppose -119*w + 32413 = -53862. What is the hundreds digit of w?
7
Let l = 63 - 18. Let r = l - -18. What is the units digit of r?
3
Suppose -23 = 5*m - 8. Let i be 2 - 2/(m - -2). Suppose -2*h - 5*k = -4 - 0, -40 = -i*h - 2*k. What is the units digit of h?
2
Suppose 3*s - 6 = -0. Suppose 0 = -3*w + f + 16, s*w - 4*f - 4 = -0*w. What is the units digit of 6/(-18)*(0 - w)?
2
Suppose -4*h - 55 = h. Let o = h + 5. Let s(i) = i + 11. What is the units digit of s(o)?
5
Let t(j) = 3*j**2 - 5*j - 8. Suppose -3*q - 3*q + 30 = 0. Let n be t(q). Let y = n + -11. What is the tens digit of y?
3
Let t(s) = -2*s**2 + 5*s - 2. Let a be t(2). Suppose -4*l + 5*v - 155 + 814 = a, 0 = -4*l + v + 663. What is the tens digit of l?
6
Let k(b) = b + 25. Let j be k(-5). Suppose -7*d + j = -78. What is the tens digit of d?
1
What is the hundreds digit of (-21)/(-3)*470/7?
4
Let d = 2713 + 1369. What is the thousands digit of d?
4
Let s(o) = 2*o + 4. Suppose 3*a - 11 = 10. Let n be s(a). Suppose -2 = 2*x - 2*m, -2*x - 3*m = -0*x - n. What is the units digit of x?
3
What is the tens digit of (-80 - -76)*(0 + -635)?
4
Let v = -10 - -6. Suppose 0 = 6*b - 32*b - 26. What is the tens digit of v*(-2 + (b - 2))?
2
Let k = 71 - -373. What is the tens digit of k?
4
Let f(r) = -r**3 - 7*r**2 + 3*r + 4. Let l(u) = -u + 1. Let k(i) = f(i) - 4*l(i). Let h be k(-8). Suppose -3*t = -h*t + 35. What is the units digit of t?
7
Let j be (3*27)/3 + 1. Suppose 3*o - o - 4 = 0. Suppose j = -o*l + 6*l. What is the units digit of l?
7
Let d(v) = -2*v**2 + 6*v - 1. Let y(x) = -x**2 - x - 1. Let o(w) = -d(w) - 3*y(w). Let m be o(3). Suppose -7*n + 12*n = m. What is the units digit of n?
8
Suppose -164 = 3*m + 55. Let r = 105 + m. Suppose 5*g = 3*h + 128, -r = -5*g + 4*h + 92. What is the tens digit of g?
2
Let a(x) = -4*x**3 - 90*x**2 - 4*x - 9. What is the tens digit of a(-23)?
4
Let p(o) be the second derivative of 79*o**4/12 + o**2/2 + 13*o. What is the units digit of p(-1)?
0
Let r = -1942 + 3573. What is the tens digit of r?
3
Let c(f) = -f**3 + 3*f**2 + f + 28. Let z(l) = 2*l**3 - 7*l**2 - 3*l - 57. Suppose -4 = -3*n + 2. Let m(y) = n*z(y) + 5*c(y). What is the units digit of m(0)?
6
Let k = 1321 - 756. What is the units digit of k?
5
Suppose 29*y = 9*y + 25480. What is the hundreds digit of y?
2
Suppose -12*z = -31*z + 12103. What is the units digit of z?
7
Suppose -5*d + 3*d = -4. Let l(q) = 4*q**3 - 3*q**3 + 30 - q**2 + 2*q**3 - q - d*q**3. What is the units digit of l(0)?
0
Let j(l) = l**3 + 3*l**2 - 6*l - 4. Let g be j(-4). Suppose -w + a = -g, 4*w - 1 = 2*a + 7. What is the units digit of w + 13 - (12 - 8)?
9
Let s(v) = -v**2 + 6*v - 14. Let p be s(4). What is the hundreds digit of (-4)/(-6) - (686/p - -2)?
1
Let t(g) = 2*g**3 - 2*g**2 - 2*g. Let f be t(2). Suppose 8*v - 25 = f*v + 5*y, -2*y + 6 = 0. What is the tens digit of v?
1
Suppose -5*j + 5*c = -3060, -4*j + c + 4*c + 2451 = 0. What is the hundreds digit of j?
6
Let b(f) be the first derivative of -7*f**2 - 5*f + 7. Let u be b(5). Let y = u - -125. What is the units digit of y?
0
Let u be 1/6 - 172/24. Let b(v) = -4*v + 7*v + 2*v + 5 + v**2. What is the tens digit of b(u)?
1
Suppose 0*b = -7*b + 2583. What is the tens digit of b?
6
Suppose -45*w + 47153 = -15352. What is the tens digit of w?
8
Let h be 146/(-10) - 8/20. Let z = h + 20. Suppose -23 = -z*f + 52. What is the tens digit of f?
1
Suppose -56 = -6*q + 10*q. What is the units digit of (-21)/((-3)/q*-2)?
9
Suppose -227 - 69 = -4*k. Let y = k - 29. What is the units digit of y?
5
Let b(q) be the second derivative of q**5/20 + 7*q**4/12 + q**3 - q**2/2 + 2*q. Let v be b(-6). What is the tens digit of 3 + 8 - (1 + v)?
1
Let f = 2 - 0. Suppose 3*p - 122 = f*p. What is the tens digit of p?
2
Let i(d) = -9*d + 14*d**2 - 11*d**2 + 7 - 1. Let z be i(6). Suppose -k = k - z. What is the units digit of k?
0
Let y(s) = 2*s**3 - 57*s**2 + 31*s - 18. What is the tens digit of y(28)?
6
Suppose -4*y - 3*h + 15 = -y, -2*h + 4 = 0. Suppose -4*w + y*b = 77, -20 = w + 2*b - 3*b. What is the tens digit of -2*1*(w + -3)?
4
Let f be (11/2)/((-1)/(-2)). Suppose 6*g + 515 = f*g. What is the tens digit of g?
0
What is the tens digit of -892*(4 - 0)/(-4)?
9
Let q be (-20*(-2)/4)/2. Suppose -q*i + 3*b = -63 - 10, b - 55 = -4*i. What is the tens digit of i?
1
Let m = 77 - -471. What is the tens digit of m?
4
Let v(p) = p + 5. Let d be v(-3). What is the units digit of 68*((-7)/d + 4)?
4
Suppose 0 = -j + 4*j - 2*z - 339, 0 = 5*z + 15. What is the units digit of (-2666)/(-14) - j/259?
0
Let h(s) = s**2 + 1. Let c be h(1). Suppose p + c*p = 0. Suppose p = -7*k + 3*k + 32. What is the units digit of k?
8
Let g(s) = 3*s**3 + 92*s**2 + 10*s - 10. What is the tens digit of g(-30)?
9
Suppose 1 = w, 2*h = 2*w + 2*w + 2. Suppose -h*l - 5*i + 17 + 4 = 0, -i = 2*l - 14. Let u(o) = -o**2 + 10*o - 10. What is the units digit of u(l)?
1
Let c = 641 + 2783. What is the units digit of c?
4
Let c(j) = -3*j**2 - 3*j + 5. Suppose -5 + 3 = -3*n + a, 2*n - 8 = -a. Let l be c(n). Let x(p) = -p**2 - 13*p + 13. What is the units digit of x(l)?
3
Let l(w) = -29*w**3 + w**2 - 7*w. Let c(u) = 14*u**3 + 3*u. Let y(r) = -5*c(r) - 2*l(r). Let f(b) = -b - 11. Let h be f(-10). What is the units digit of y(h)?
1
Suppose 0 = 4*t + 5*i - 283, t + 2*i - 44 = 26. Suppose t = 2*k - 0*k. Suppose x + 3*f + k = 3*x, -3*f = 5*x - 69. What is the units digit of x?
5
Suppose -2*m - 2*s - 8 = 10, -2*s = -3*m - 12. Let g(t) = -15*t + 5. Let k(r) = -8*r + 2. Let f(b) = 3*g(b) - 5*k(b). What is the units digit of f(m)?
5
Suppose 83 = -w + 3. Let r = 137 + w. What is the tens digit of r?
5
Let r(x) = 1 - 3 + 13 + 3*x. What is the tens digit of r(6)?
2
Let c(g) = 3*g**2 + 2*g + 26. Let s(o) = 5*o**2 + 3*o + 52. Let w(l) = 7*c(l) - 4*s(l). What is the tens digit of w(-9)?
3
Let d(w) = 65*w**2 + 10*w - 4. What is the units digit of d(-3)?
1
Let k(v) = v - 13. Let i(r) = r - 6. Let w(p) = 5*i(p) - 2*k(p). What is the tens digit of w(5)?
1
Let q(b) = -b + 20. Let d be q(11). Let g(k) = k + 2. Let n be g(d). What is the tens digit of 2/n - (-414)/22?
1
Suppose -3*p + 4 = 1. Let g(h) = 147*h**2 - 5*h + 3. What is the hundreds digit of g(p)?
1
Suppose -2177 = -19*i + 12*i. What is the uni